hest common divisor of p and 168.
21
Suppose 6 + 10 = 4*k. Let a be k/(-8)*(1 - 17). Calculate the greatest common factor of a and 4.
4
Suppose 4*b = 4*n + 52, 3*n + 9 = b - 12. What is the greatest common factor of 3 and b?
3
Let u be (-3018)/(-21) - 12/(-42). Let p = 27 + -11. Calculate the highest common factor of u and p.
16
Suppose 5 + 76 = 3*a. Let p be (4 - (-112)/(-40))/((-2)/(-30)). Calculate the greatest common factor of p and a.
9
Suppose 2*r = 30 + 22. What is the greatest common divisor of 65 and r?
13
Let p = -462 + 782. What is the greatest common factor of p and 40?
40
Suppose -j = -3*j + 22. Suppose 2*v + 5*k - 54 = 0, 2*k - 30 = -v - 2*k. Calculate the greatest common divisor of j and v.
11
Let s(z) = -2 - 7*z + 5 + 5 + z**2 + 2. Let u be s(7). What is the greatest common factor of 50 and u?
10
Let j(m) = m + 31. Let g be j(-15). Calculate the greatest common factor of g and 176.
16
Suppose -25*q = -29*q + 320. What is the highest common divisor of q and 48?
16
Suppose -21 = -3*w + 3*s, w + 3*s = 3*w - 18. Suppose -t = w*t - 24. What is the highest common factor of 6 and t?
6
Suppose -5*a - 62 = 13. Let o be (108/14)/(a/(-70)). What is the greatest common factor of 4 and o?
4
Let y(i) = 1 - i - 3 - 5*i**2 + 2*i**2 - 3*i - i**3. Let d be y(-3). Let t = d + -5. Calculate the highest common factor of t and 25.
5
Suppose -37 = -5*w + 23. What is the greatest common divisor of 4 and w?
4
Let i = 24 - 28. Let b be 3/i - (-339)/4. Let l be 24*1/(-2)*-1. Calculate the highest common factor of l and b.
12
Let f be 2 + -2 - (-96)/3. Suppose f = -0*c + 2*c. Calculate the greatest common divisor of 112 and c.
16
Suppose 4*u = 2*g - 34, 0 = g - 3*u + 2*u - 14. Suppose 9 = 4*o - 3. Suppose -o*k + 78 = -285. Calculate the greatest common factor of k and g.
11
Let t = 22 + -3. Suppose 2*j - t = 1. Suppose -2*p + 5*p = 180. What is the highest common divisor of j and p?
10
Let n(d) = 5*d**2 - 2*d + 1. Let u be n(1). Let v = -4 - -7. Suppose 4*q - u*y = -9*y + 421, v*y - 213 = -2*q. Calculate the greatest common factor of q and 11.
11
Let c(o) = o**3 + o**2 - 2*o + 1. Let x be ((-2)/(2/1))/1. Let k be (6/(-12))/(x/(-4)). Let d be c(k). Calculate the greatest common divisor of d and 4.
1
Let p = 1177 + -569. Suppose 4*s = -y + p, 3100 = -y + 6*y + 5*s. Suppose 3*w + a = y, a - 87 = 2*w - 508. Calculate the highest common divisor of 19 and w.
19
Let l(z) = -z**3 + 4*z**2 + 4. Let t be l(4). Suppose 0 = -3*w + t*w - 4*d - 3, -5*w = 4*d - 15. Calculate the greatest common factor of 33 and w.
3
Let g be 0 + 96 - (-1 + 1). Let s = 399 + -387. Calculate the highest common divisor of s and g.
12
Suppose 0*b + b = 3, 3*h - 3*b = 3. Let d = h + 11. What is the greatest common divisor of d and 60?
15
Suppose c = -5*l + 118, c = 5*l - 0*c - 122. What is the highest common factor of 192 and l?
24
Suppose -24 = -4*q + 300. Suppose -4*n + q = -n. What is the greatest common factor of 3 and n?
3
Let p = 95 + -56. Let c = p + -16. Let d = c + 68. Calculate the highest common factor of 13 and d.
13
Suppose 4*d + 10 - 2 = x, -2*x + 5 = 3*d. Let l(a) = a**2 - 20*a + 23. Let h be l(19). What is the greatest common divisor of h and x?
4
Let p = -2 - -19. What is the greatest common divisor of 153 and p?
17
Let v = 121 - 49. Calculate the highest common factor of v and 18.
18
Let g be ((-2)/4)/(4/(-40)). Let j = 7 - g. Suppose -j*u = -0*u - 28. Calculate the highest common factor of u and 14.
14
Let w = 4 - 10. Let x be (-2)/(w/(-3)) + 1. Suppose -5*n = x, -2*y - 2*y = -4*n - 140. What is the highest common factor of 7 and y?
7
Let c = -98 - -200. What is the greatest common divisor of c and 17?
17
Suppose 0 = n + 2, 2*n = 2*z - 2*n - 128. What is the greatest common divisor of 6 and z?
6
Suppose 3*t - 6*t = -4*u - 27, u = 3*t - 27. Let k = 101 + -74. What is the highest common divisor of k and t?
9
Suppose -4*x = -2*j - 3*x + 3, -23 = -2*j - 3*x. Let k = 7 - 3. Calculate the highest common divisor of j and k.
4
Let z = 29 - 21. Calculate the greatest common divisor of 16 and z.
8
Let p = 8 - 5. Suppose p*h - h = 54. Calculate the highest common divisor of h and 18.
9
Suppose -4*n - v + 16 = -0*v, -5*v - 25 = -n. Let p(m) = -5*m - 30. Suppose -3*c + 84 = -9*c. Let s be p(c). Calculate the greatest common divisor of s and n.
5
Let g be (-2)/(-1) - -2*65. Let b be (-10)/45 - (-330)/27. Calculate the highest common factor of g and b.
12
Suppose 0 = 2*a - 4*a - r + 42, 2*a + 2*r - 44 = 0. Calculate the greatest common factor of 160 and a.
20
Let p = -11 - -21. Let g(k) = 0*k**2 - 4*k**3 + 2*k**3 + 0*k**2. Let h be g(-1). What is the highest common divisor of p and h?
2
Let y(n) = -n**3 - 6*n**2 - 7*n + 1. Suppose 0 = -3*u - 1 - 14. Let g be y(u). What is the highest common divisor of g and 121?
11
Suppose 2*a = 5*z - 3*a - 340, -304 = -5*z - 4*a. Calculate the greatest common divisor of z and 160.
32
Suppose -9*r + 8*r + 14 = 0. What is the highest common factor of 14 and r?
14
Let a be 13 - (2 - 0/2). Let d(r) = -15*r + 7. Let n be d(-5). Let x = n - 38. What is the greatest common divisor of a and x?
11
Let q be 4/(-6) + 7/((-168)/(-10168)). What is the greatest common factor of 47 and q?
47
Suppose 7 - 14 = -7*o. What is the greatest common factor of 11 and o?
1
Suppose 0 = m - 3*m + 162. Calculate the greatest common factor of 9 and m.
9
Let x = -371 + 166. Let f = x + 313. Suppose 0 = -4*z + 2*t + 48, 3*z + 5*t - 62 + 26 = 0. What is the greatest common factor of f and z?
12
Let g = -15 - -20. Suppose -210 = -11*v + g*v. Calculate the highest common divisor of v and 5.
5
Suppose -2*h - 3*h - 3*x = -1934, 3*h + x = 1162. Suppose -3*t + h = -0*z - 5*z, -5*t + 620 = -3*z. What is the highest common factor of 11 and t?
11
Suppose -5*v + 7 = -23. Calculate the highest common divisor of 6 and v.
6
Let n(w) = -w**2 - 5*w + 6. Let g be n(-3). What is the highest common factor of g and 3?
3
Let j = 168 - 130. What is the highest common factor of 19 and j?
19
Let m(f) = 18*f**3 + f**2 - 1. Let x(l) = -l - 9. Let q be x(-10). Let u be m(q). What is the highest common divisor of 45 and u?
9
Suppose 0 = 5*d - 201 - 119. What is the greatest common divisor of 8 and d?
8
Suppose -a + 12 = 4*c + c, -5*a - 6 = 3*c. Suppose -c + 21 = 3*v. Suppose 5*u - 36 + 8 = -l, -3*u - 108 = -2*l. Calculate the greatest common factor of v and l.
6
Suppose 11 = -2*w - 9. Let j = -4 - w. What is the greatest common factor of 24 and j?
6
Let c be 15*1/3*3. Suppose 0 = -3*d + c, s - 2*d + 3*d = 27. Suppose -4*i = -6*i + s. Calculate the greatest common factor of i and 33.
11
Let q = -6 + 34. Let p be 4 - 4 - q/(-2). Suppose -7*z + 3*z = -4*m - 412, 0 = -z - 3*m + 83. What is the highest common factor of p and z?
14
Let g(o) = -o**2 - 6*o - 4. Let k be g(-3). Let v = 2 + k. Let j be ((-22)/(-3))/(4/42). What is the highest common factor of j and v?
7
Let x(h) = 28*h**2 + 4*h + 1. Let a be x(-2). Calculate the greatest common divisor of 21 and a.
21
Let f = 317 + -177. Calculate the highest common divisor of 40 and f.
20
Let c = 22 + -10. What is the greatest common divisor of 60 and c?
12
Let c be (1 - -2) + -2 + 4. What is the highest common factor of c and 10?
5
Let y be 6/(-12)*(-171 - -1). What is the highest common factor of 17 and y?
17
Suppose -12 = -3*a + 4*a. Let j = a - -35. Calculate the greatest common factor of j and 138.
23
Let m = 8 + 0. Suppose 3*h = m*h - 70. Let d(g) = 17*g + 2. Let f be d(4). What is the highest common factor of h and f?
14
Let z(a) = a - 2. Let b be z(10). Let g be (b/(-10))/((-1)/15). Calculate the greatest common divisor of g and 12.
12
Let n be (-1)/(-2) + (-27)/(-6). Let y = n - 11. Let r be (-26)/y - (-2)/(-6). Calculate the highest common factor of r and 36.
4
Let b be (-8)/(-52) + 37/13. Let d(h) = -h**3 + 9*h**2 - 4*h + 1. Let n be d(8). What is the greatest common divisor of n and b?
3
Let j = -114 + 444. What is the highest common divisor of j and 30?
30
Suppose -5*c + 265 = -285. What is the highest common divisor of c and 44?
22
Let c = -26 + 32. Calculate the highest common factor of 54 and c.
6
Suppose 4 = -d + 10. Let c be 14 - -1 - 2 - -2. Calculate the highest common factor of d and c.
3
Let q be 25/6 + (-2)/12. Suppose 0*i = q*i - 8, -4*w = 5